{"id":60,"date":"2015-06-10T11:16:45","date_gmt":"2015-06-10T09:16:45","guid":{"rendered":"http:\/\/haenselphoto.de\/index.php\/?page_id=60"},"modified":"2019-01-13T15:01:04","modified_gmt":"2019-01-13T14:01:04","slug":"impressum","status":"publish","type":"page","link":"https:\/\/haenselphoto.de\/index.php\/impressum\/","title":{"rendered":"Impressum"},"content":{"rendered":"<p>Angaben gem\u00e4\u00df \u00a7 5 TMG<\/p>\n<p>Tobias H\u00e4nsel<br \/>\nPfannenstiel 12<br \/>\n88048 Friedrichshafen<\/p>\n<p><strong>Vertreten durch:\u00a0<\/strong><br \/>\nTobias H\u00e4nsel<\/p>\n<p><strong>Kontakt:<br \/>\n<\/strong>Telefon: 07541 8306246<br \/>\nE-Mail:\u00a0<a href=\"mailto:info@haenselphoto.de\">info@haenselphoto.de<\/a><\/p>\n<p><strong>Haftungsausschluss:\u00a0<\/strong><\/p>\n<p><strong>Haftung f\u00fcr Links<\/strong><\/p>\n<p>Unser Angebot enth\u00e4lt Links zu externen Webseiten Dritter, auf deren Inhalte wir keinen Einfluss haben. Deshalb k\u00f6nnen wir f\u00fcr diese fremden Inhalte auch keine Gew\u00e4hr \u00fcbernehmen. F\u00fcr die Inhalte der verlinkten Seiten ist stets der jeweilige Anbieter oder Betreiber der Seiten verantwortlich. Die verlinkten Seiten wurden zum Zeitpunkt der Verlinkung auf m\u00f6gliche Rechtsverst\u00f6\u00dfe \u00fcberpr\u00fcft. Rechtswidrige Inhalte waren zum Zeitpunkt der Verlinkung nicht erkennbar. Eine permanente inhaltliche Kontrolle der verlinkten Seiten ist jedoch ohne konkrete Anhaltspunkte einer Rechtsverletzung nicht zumutbar. Bei Bekanntwerden von Rechtsverletzungen werden wir derartige Links umgehend entfernen.<\/p>\n","protected":false},"excerpt":{"rendered":"<p>Angaben gem\u00e4\u00df \u00a7 5 TMG Tobias H\u00e4nsel Pfannenstiel 12 88048 Friedrichshafen Vertreten durch:\u00a0 Tobias H\u00e4nsel Kontakt: Telefon: 07541 8306246 E-Mail:\u00a0info@haenselphoto.de Haftungsausschluss:\u00a0 Haftung f\u00fcr Links Unser Angebot enth\u00e4lt Links zu externen Webseiten Dritter, auf deren Inhalte wir keinen Einfluss haben. Deshalb k\u00f6nnen wir f\u00fcr diese fremden Inhalte auch keine Gew\u00e4hr \u00fcbernehmen. F\u00fcr die Inhalte der verlinkten&#8230;<\/p>\n","protected":false},"author":1,"featured_media":0,"parent":0,"menu_order":0,"comment_status":"closed","ping_status":"closed","template":"","meta":{"footnotes":""},"class_list":["post-60","page","type-page","status-publish","hentry"],"_links":{"self":[{"href":"https:\/\/haenselphoto.de\/index.php\/wp-json\/wp\/v2\/pages\/60","targetHints":{"allow":["GET"]}}],"collection":[{"href":"https:\/\/haenselphoto.de\/index.php\/wp-json\/wp\/v2\/pages"}],"about":[{"href":"https:\/\/haenselphoto.de\/index.php\/wp-json\/wp\/v2\/types\/page"}],"author":[{"embeddable":true,"href":"https:\/\/haenselphoto.de\/index.php\/wp-json\/wp\/v2\/users\/1"}],"replies":[{"embeddable":true,"href":"https:\/\/haenselphoto.de\/index.php\/wp-json\/wp\/v2\/comments?post=60"}],"version-history":[{"count":5,"href":"https:\/\/haenselphoto.de\/index.php\/wp-json\/wp\/v2\/pages\/60\/revisions"}],"predecessor-version":[{"id":455,"href":"https:\/\/haenselphoto.de\/index.php\/wp-json\/wp\/v2\/pages\/60\/revisions\/455"}],"wp:attachment":[{"href":"https:\/\/haenselphoto.de\/index.php\/wp-json\/wp\/v2\/media?parent=60"}],"curies":[{"name":"wp","href":"https:\/\/api.w.org\/{rel}","templated":true}]}}